False
Is 15618667 prime?
True
Is 3452497 prime?
True
Is 37847 a composite number?
False
Is 98188613 composite?
False
Is 223556933 a prime number?
True
Is 795689 a prime number?
False
Is 15063859 a prime number?
True
Is 277060715 a composite number?
True
Is 2141123 composite?
False
Is 114954067 composite?
False
Is 35086637 a prime number?
False
Is 13986311 prime?
True
Is 293707913 composite?
False
Is 1825429 prime?
True
Is 1072102 prime?
False
Is 126194507 prime?
False
Is 22353161 a composite number?
True
Is 11241091 a composite number?
True
Is 7906553 a composite number?
True
Is 558973 composite?
False
Is 67252021 a composite number?
False
Is 8546611 composite?
False
Is 11139829 prime?
False
Is 6600787 a prime number?
True
Is 472788427 a prime number?
True
Is 110948531 a prime number?
True
Is 3924379 composite?
True
Is 142371007 prime?
False
Is 39970057 a prime number?
True
Is 77213761 prime?
False
Is 308315807 a prime number?
True
Is 6688967 a prime number?
True
Is 3251327 composite?
True
Is 72677721 prime?
False
Is 915727 a composite number?
False
Is 2767053 a composite number?
True
Is 9673941 composite?
True
Is 168882635 prime?
False
Is 736283 prime?
False
Is 31561531 a prime number?
False
Is 122112113 prime?
True
Is 59610037 prime?
True
Is 951961 prime?
False
Is 16573441 a composite number?
False
Is 7602194 composite?
True
Is 38129627 prime?
False
Is 117980463 prime?
False
Is 10597789 a prime number?
False
Is 616891 a composite number?
True
Is 110983841 prime?
False
Is 725937 composite?
True
Is 2260577 a prime number?
False
Is 164610337 a composite number?
True
Is 512698787 composite?
True
Is 214619434 composite?
True
Is 283029707 a prime number?
True
Is 11398327 a prime number?
False
Is 28381526 composite?
True
Is 31245103 a prime number?
True
Is 18417521 a composite number?
False
Is 2058341 composite?
False
Is 2106133 a prime number?
False
Is 839117 composite?
False
Is 5515039 a prime number?
True
Is 4344649 composite?
False
Is 54811651 composite?
False
Is 1867147 prime?
True
Is 1856611 prime?
False
Is 113582683 a prime number?
True
Is 1357381 a prime number?
False
Is 434239 composite?
True
Is 2954213 a composite number?
False
Is 111654757 a composite number?
False
Is 3914543 prime?
False
Is 23927 a composite number?
True
Is 7803131 prime?
False
Is 101589 composite?
True
Is 169961437 prime?
False
Is 316200683 a composite number?
False
Is 168205255 a composite number?
True
Is 4113537 a prime number?
False
Is 1923055 a prime number?
False
Is 8816281 a composite number?
False
Is 26707171 composite?
True
Is 65559613 a prime number?
False
Is 3524821 a prime number?
True
Is 4762997 composite?
False
Is 56417398 a composite number?
True
Is 397849 prime?
True
Is 22674913 prime?
False
Is 1123323 a prime number?
False
Is 4361399 a prime number?
False
Is 8354903 a composite number?
True
Is 100595663 a composite number?
True
Is 23933407 composite?
True
Is 148906 a composite number?
True
Is 3405037 a composite number?
False
Is 13333249 a composite number?
False
Is 29858495 a prime number?
False
Is 3653267 a prime number?
True
Is 5073469 a composite number?
True
Is 9754939 a prime number?
False
Is 700007263 a composite number?
False
Is 162365974 a prime number?
False
Is 2819647 a composite number?
False
Is 5737493 prime?
True
Is 894581687 composite?
False
Is 682898731 prime?
False
Is 193289821 a composite number?
True
Is 195914917 a composite number?
True
Is 294505097 composite?
False
Is 595366 a prime number?
False
Is 4632209 composite?
True
Is 8293283 prime?
True
Is 17427871 a prime number?
False
Is 29493161 composite?
False
Is 17285951 a prime number?
True
Is 402098009 a composite number?
False
Is 1296899 composite?
False
Is 119874527 a composite number?
True
Is 40000183 composite?
False
Is 5852851 a composite number?
True
Is 35435579 a prime number?
True
Is 315553859 a composite number?
True
Is 2042671 composite?
True
Is 19895987 composite?
False
Is 12899893 a composite number?
False
Is 6393665 composite?
True
Is 1828621 prime?
False
Is 8000165 composite?
True
Is 73147627 a prime number?
False
Is 23653367 prime?
True
Is 9826709 a prime number?
True
Is 9179887 a composite number?
False
Is 10469959 prime?
False
Is 27228351 a prime number?
False
Is 240163549 composite?
True
Is 2976449 a prime number?
False
Is 189169705 prime?
False
Is 6837737 prime?
False
Is 10554017 a prime number?
False
Is 58943513 composite?
False
Is 2577937 a prime number?
False
Is 18617561 a prime number?
True
Is 19272865 composite?
True
Is 102674003 a prime number?
False
Is 1989329 prime?
True
Is 142432867 prime?
False
Is 79476931 prime?
True
Is 3573439 a composite number?
True
Is 191514923 a composite number?
True
Is 49413421 a prime number?
True
Is 14071466 a composite number?
True
Is 382112957 composite?
False
Is 336990133 a prime number?
False
Is 1690559 a composite number?
True
Is 77855311 composite?
False
Is 54146039 a composite number?
True
Is 199929287 prime?
True
Is 4415815 a prime number?
False
Is 1564961 a composite number?
True
Is 2284181 a composite number?
False
Is 1364897 composite?
False
Is 8052463 a prime number?
False
Is 544387693 a composite number?
False
Is 72321659 composite?
False
Is 3098597 a composite number?
False
Is 229855567 composite?
False
Is 561599 a prime number?
True
Is 14403791 a prime number?
True
Is 4900919 a composite number?
True
Is 25352573 composite?
False
Is 62940841 a prime number?
True
Is 193286381 a composite number?
True
Is 4945047 composite?
True
Is 224399969 prime?
True
Is 34373567 a composite number?
False
Is 35063285 composite?
True
Is 11039207 composite?
False
Is 371673226 prime?
False
Is 118126847 composite?
True
Is 19779953 a composite number?
True
Is 3868517 composite?
False
Is 10215907 prime?
False
Is 491578611 composite?
True
Is 48055163 a composite number?
True
Is 77417 composite?
False
Is 49891493 composite?
True
Is 120861409 a prime number?
True
Is 80226239 prime?
True
Is 209232191 a composite number?
True
Is 9322969 composite?
False
Is 10042199 a composite number?
False
Is 1732973813 composite?
False
Is 4086655 a composite number?
True
Is 38552191 prime?
True
Is 26740319 composite?
False
Is 205271639 prime?
True
Is 216676151 composite?
False
Is 555473509 prime?
True
Is 5715319 a composite number?
False
Is 43712177 composite?
True
Is 7168211 a prime number?
True
Is 234833 a prime number?
True
Is 36536261 prime?
True
Is 236281021 composite?
True
Is 85276073 a prime number?
False
Is 83399209 composite?
False
Is 49640837 composite?
True
Is 15470293 a composite number?
True
Is 15368623 a prime number?
False
Is 2061067 prime?
True
Is 680567 a prime number?
True
Is 1020739969 a prime number?
False
Is 13193 prime?
False
Is 89912167 composite?
True
Is 3036919 a composite number?
False
Is 8528417 a prime number?
True
Is 231749 composite?
True
Is 348125971 a prime number?
True
Is 85409153 prime?
False
Is 3366973 a prime number?
True
Is 25736437 composite?
False
Is 8230319 a composite number?
True
Is 175070927 a composite number?
False
Is 314327101 composite?
True
Is 42656639 composite?
False
Is 1686387 composite?
True
Is 656113 prime?
True
Is 69109 a prime number?
True
Is 178283 composite?
True
Is 50308823 composite?
True
Is 9509069 composite?
True
Is 18553451 a prime number?
False
Is 11830873 prime?
True
Is 2378263 a prime number?
True
Is 1150117 composite?
False
Is 86075569 composite?
True
Is 2937329 prime?
True
Is 431191 composite?
False
Is 220844762 composite?
True
Is 5026579 a composite number?
True
Is 97459 a composite number?
False
Is 3901823 composite?
True
Is 18569659 prime?
True
Is 55122149 a prime number?
True
Is 203264297 prime?
False
Is 937723 composite?
True
Is 5472031 a prime number?
True
Is 33389569 prime?
True
Is 35976547 prime?
True
Is 118425667 a composite number?
False
Is 13007219 prime?
True
Is 2508641 prime?
True
Is 3208091 prime?
True
Is 164667947 composite?
True
Is 23949067 a prime number?
True
Is 15720709 a composite number?
False
Is 17831321 a composite number?
True
Is 4716155 a prime number?
False
Is 171504163 a prime number?
True
Is 14255597 a prime number?
True
Is 6622669 prime?
False
Is 141679 composite?
False
Is 698323 composite?
True
Is 53696233 a prime number?
True
Is 3547517 composite?
False
Is